{"id":518,"date":"2022-10-21T11:35:18","date_gmt":"2022-10-21T09:35:18","guid":{"rendered":"https:\/\/jasoal.com\/wordpress\/?page_id=518"},"modified":"2022-11-03T20:55:09","modified_gmt":"2022-11-03T18:55:09","slug":"servicios","status":"publish","type":"page","link":"https:\/\/jasoal.com\/wordpress\/servicios\/","title":{"rendered":"Servicios"},"content":{"rendered":"\n<div class=\"wp-block-buttons is-layout-flex wp-block-buttons-is-layout-flex\">\n<div class=\"wp-block-button\"><a class=\"wp-block-button__link has-pale-pink-background-color has-background\">Aula Matinal<\/a><\/div>\n<\/div>\n\n\n\n<p>Es una actividad promovida por la Junta de Andaluc\u00eda para dar respuesta a la creciente demanda originada por las exigencias laborales de los padres y madres andaluzas, quienes se ven en la necesidad de delegar el cuidado de sus hijos e hijas durante el horario de 7:30 a 9:00 h., momento en el que da comienzo la actividad escolar. Durante este per\u00edodo de tiempo, los ni\u00f1os y ni\u00f1as realizan diversas actividades de car\u00e1cter l\u00fadico y educativo adecuadas a su edad y desarrollo madurativo. Entre otras muchas, se realizan actividades pl\u00e1sticas, dibujo, lectura, psicomotricidad, juegos populares, etc.<\/p>\n\n\n\n<p>La atenci\u00f3n al alumnado de aula matinal se realiza por personal cualificado, entre cuyas funciones est\u00e1n las medidas de vigilancia y atenci\u00f3n educativa que precisen los menores en funci\u00f3n de su edad y necesidades.<\/p>\n\n\n\n<div class=\"wp-block-buttons is-layout-flex wp-block-buttons-is-layout-flex\">\n<div class=\"wp-block-button\"><a class=\"wp-block-button__link has-pale-pink-background-color has-background\">Actividades Extraescolares<\/a><\/div>\n<\/div>\n\n\n\n<p>Los centros docentes p\u00fablicos y privados que impartan segundo ciclo de educaci\u00f3n infantil, educaci\u00f3n primaria y educaci\u00f3n secundaria podr\u00e1n mantener abiertas sus instalaciones con la finalidad de programar actividades de apoyo y refuerzo, l\u00fadicas, deportivas, etc.<\/p>\n\n\n\n<p>Las actividades extraescolares tienen un car\u00e1cter voluntario para el alumnado y en ning\u00fan caso forman parte del proceso de evaluaci\u00f3n del alumnado. La atenci\u00f3n a este tipo de alumnado se realiza con personal que cuenta con la formaci\u00f3n y cualificaci\u00f3n adecuada a las actividades a desarrollar.<\/p>\n\n\n\n<div class=\"wp-block-buttons is-layout-flex wp-block-buttons-is-layout-flex\">\n<div class=\"wp-block-button\"><a class=\"wp-block-button__link has-pale-pink-background-color has-background\">Acompa\u00f1amiento<\/a><\/div>\n<\/div>\n\n\n\n<p>Es una de las apuestas de la Consejer\u00eda de Desarrollo Educativo y Formaci\u00f3n Profesional para garantizar la igualdad de oportunidades, incrementar el \u00e9xito escolar del alumnado y prevenir el absentismo y el abandono escolar temprano, a trav\u00e9s del desarrollo de diferentes actuaciones que ponen el foco en la adecuaci\u00f3n de la respuesta educativa al alumnado con necesidades espec\u00edficas de apoyo educativo por precisar acciones de car\u00e1cter compensatorio..<\/p>\n\n\n\n<p>se concibe como un conjunto de actuaciones dirigidas a mejorar el grado de adquisici\u00f3n de las competencias clave y la motivaci\u00f3n del alumnado con necesidades espec\u00edficas de apoyo educativo por precisar acciones de car\u00e1cter compensatorio, que en el caso del alumnado de origen extranjero, adem\u00e1s, pretenden conseguir un nivel adecuado de uso del espa\u00f1ol como lengua vehicular. Dichas acciones est\u00e1n dirigidas a evitar el riesgo de abandono temprano del sistema educativo, y complementar las acciones encaminadas a la mejora del \u00e9xito escolar, que se desarrollan en los centros docentes p\u00fablicos andaluces.<\/p>\n\n\n\n<div class=\"wp-block-buttons is-layout-flex wp-block-buttons-is-layout-flex\">\n<div class=\"wp-block-button\"><a class=\"wp-block-button__link has-pale-pink-background-color has-background\">Aula de Mediod\u00eda<\/a><\/div>\n<\/div>\n\n\n\n<p>Es un servicio de apoyo a las familias para que puedan compaginar la vida laboral y familiar, a la hora del mediod\u00eda una vez finalizada el horario lectivo. Los\/as alumnos\/as realizar\u00e1n actividades l\u00fadicas y de relajaci\u00f3n hasta que sus familias pasen a recogerlos. Gracias a este servicio damos la oportunidad a las familias que no pueden llegar a tiempo a la hora de salida normal (14:00). Funciona desde las 14:00 hasta las 15:00 horas<\/p>\n\n\n\n<div class=\"wp-block-buttons is-layout-flex wp-block-buttons-is-layout-flex\">\n<div class=\"wp-block-button\"><a class=\"wp-block-button__link has-pale-pink-background-color has-background\">Escuelas deportivas<\/a><\/div>\n<\/div>\n\n\n\n<p>Programa que se proyecta como veh\u00edculo de iniciaci\u00f3n y promoci\u00f3n deportiva. La finalidad principal es realizar una oferta multideportiva, en horario no lectivo, con la intenci\u00f3n de fomentar el deporte en edad escolar, promocionando la educaci\u00f3n en valores y el desarrollo pleno e integral de la personalidad del alumnado.<\/p>\n\n\n\n<p>Participa alumnado de Educaci\u00f3n Primaria y Secundaria de los centros p\u00fablicos de Andaluc\u00eda.<\/p>\n\n\n\n<div class=\"wp-block-buttons is-layout-flex wp-block-buttons-is-layout-flex\">\n<div class=\"wp-block-button\"><a class=\"wp-block-button__link has-pale-pink-background-color has-background\">Club Baloncesto Escolar<\/a><\/div>\n<\/div>\n\n\n\n<p>Las escuelas deportivas municipales son la base del deporte <strong>almeriense<\/strong>. Con esta filosof\u00eda, el Patronato Municipal en colaboraci\u00f3n con las Escuelas Deportivas, contin\u00faan una temporada m\u00e1s ofreciendo servicios complementarios en los centros educativos, tanto a ni\u00f1os y ni\u00f1as<\/p>\n\n\n\n<div class=\"wp-block-buttons is-layout-flex wp-block-buttons-is-layout-flex\">\n<div class=\"wp-block-button\"><a class=\"wp-block-button__link has-pale-pink-background-color has-background\">Escuela de Verano<\/a><\/div>\n<\/div>\n\n\n\n<p>Los objetivos pedag\u00f3gicos de las&nbsp;<strong>escuelas de verano<\/strong>&nbsp;o campamentos urbanos tienen que ver con habilidades sociales y desarrollo personal. Salvo que tuviera apoyo escolar,&nbsp;<strong>se<\/strong>&nbsp;dedica a actividades recreativas de Ocio. Por tanto, a trav\u00e9s de juegos, manualidades, din\u00e1micas etc.<\/p>\n\n\n\n<div class=\"wp-block-buttons is-layout-flex wp-block-buttons-is-layout-flex\">\n<div class=\"wp-block-button\"><a class=\"wp-block-button__link has-pale-pink-background-color has-background\">Proyectos especiales <\/a><\/div>\n<\/div>\n\n\n\n<div class=\"wp-block-group\"><div class=\"wp-block-group__inner-container is-layout-flow wp-block-group-is-layout-flow\">\n<ul><li>El Programa <strong>IMPULSA<\/strong> se concibe como un conjunto de actuaciones dirigidas a mejorar la formaci\u00f3n del profesorado, as\u00ed como el grado de adquisici\u00f3n de las competencias clave y la motivaci\u00f3n del alumnado en riesgo de abandono escolar. Todas las actuaciones se desarrollar\u00e1n a trav\u00e9s de experiencias innovadoras, activas y experimentales que promuevan el saber hacer del alumnado partiendo de sus conocimientos y fomentando actitudes como la autonom\u00eda, la&nbsp; responsabilidad, el respeto, el trabajo en equipo, la igualdad de g\u00e9nero y la atenci\u00f3n a la diversidad, en especial al alumnado con&nbsp; necesidades espec\u00edficas de apoyo educativo (NEAE). El programa se desarrollar\u00e1 a trav\u00e9s de Proyectos para la Innovaci\u00f3n Educativa, con medidas innovadoras espec\u00edficas que contribuyan al \u00e9xito educativo y a la prevenci\u00f3n del absentismo y del abandono escolar.<\/li><\/ul>\n<\/div><\/div>\n\n\n\n<div class=\"wp-block-group\"><div class=\"wp-block-group__inner-container is-layout-flow wp-block-group-is-layout-flow\">\n<ul><li>El Programa para la orientaci\u00f3n, avance y enriquecimiento educativo <strong>Proa+ \u201cTransf\u00f3rmate\u201d<\/strong>, se presenta como mecanismo de ayuda financiera, fortalecimiento institucional y formativo a los centros, para apoyar y reforzar sus actuaciones durante el per\u00edodo 2021-2024. Dicho Programa, tiene como objetivo mejorar los \u00edndices de \u00e9xito escolar y garantizar la permanencia del alumnado en aquellos centros p\u00fablicos de Educaci\u00f3n Primaria y Secundaria en los que se concentre un porcentaje elevado de j\u00f3venes en clara situaci\u00f3n de vulnerabilidad socioeducativa.<\/li><\/ul>\n<\/div><\/div>\n","protected":false},"excerpt":{"rendered":"<p>Es una actividad promovida por la Junta de Andaluc\u00eda para dar respuesta a la creciente demanda originada por las exigencias laborales de los padres y madres andaluzas, quienes se ven en la necesidad de delegar el cuidado de sus hijos &hellip; <\/p>\n","protected":false},"author":1,"featured_media":0,"parent":0,"menu_order":0,"comment_status":"closed","ping_status":"closed","template":"","meta":{"ngg_post_thumbnail":0,"footnotes":""},"_links":{"self":[{"href":"https:\/\/jasoal.com\/wordpress\/wp-json\/wp\/v2\/pages\/518"}],"collection":[{"href":"https:\/\/jasoal.com\/wordpress\/wp-json\/wp\/v2\/pages"}],"about":[{"href":"https:\/\/jasoal.com\/wordpress\/wp-json\/wp\/v2\/types\/page"}],"author":[{"embeddable":true,"href":"https:\/\/jasoal.com\/wordpress\/wp-json\/wp\/v2\/users\/1"}],"replies":[{"embeddable":true,"href":"https:\/\/jasoal.com\/wordpress\/wp-json\/wp\/v2\/comments?post=518"}],"version-history":[{"count":4,"href":"https:\/\/jasoal.com\/wordpress\/wp-json\/wp\/v2\/pages\/518\/revisions"}],"predecessor-version":[{"id":653,"href":"https:\/\/jasoal.com\/wordpress\/wp-json\/wp\/v2\/pages\/518\/revisions\/653"}],"wp:attachment":[{"href":"https:\/\/jasoal.com\/wordpress\/wp-json\/wp\/v2\/media?parent=518"}],"curies":[{"name":"wp","href":"https:\/\/api.w.org\/{rel}","templated":true}]}}