{"id":140,"date":"2017-10-29T16:09:37","date_gmt":"2017-10-29T15:09:37","guid":{"rendered":"http:\/\/jasoal.com\/wordpress\/?page_id=140"},"modified":"2022-11-28T19:41:45","modified_gmt":"2022-11-28T18:41:45","slug":"empleo","status":"publish","type":"page","link":"https:\/\/jasoal.com\/wordpress\/empleo\/","title":{"rendered":"Empleo"},"content":{"rendered":"<p>Si quieres trabajar con nosotros, sigue las instrucciones que se indican a continuaci\u00f3n.<\/p>\n<h1><span style=\"color: #ff0000;\"><strong>REQUISITOS<\/strong><\/span><\/h1>\n<p><span style=\"color: #0000ff;\"><strong><u>AULA MATINAL (ALMERIA-GRANADA-M\u00c1LAGA y provincias)<\/u><\/strong><\/span><\/p>\n<p>El personal de nueva incorporaci\u00f3n: <strong>en todos los casos<\/strong>, deber\u00e1n de cumplir al inicio del servicio, con el requisito de la Titulaci\u00f3n acad\u00e9mica, no siendo posible la sustituci\u00f3n de este requisito por la experiencia profesional.<\/p>\n<p>Las titulaciones o acreditaciones v\u00e1lidas ser\u00e1n las siguientes (se entiende por titulaci\u00f3n equivalente aquellas que siendo de m\u00f3dulos de formaci\u00f3n profesional, tuvieran los mismos contenidos que las Titulaciones aqu\u00ed anunciadas aunque tengan una denominaci\u00f3n distinta por los Planes de Estudios anteriores).<\/p>\n<p>&nbsp;<\/p>\n<ol>\n<li><strong> T\u00e9cnico Superior en Educaci\u00f3n Infantil, en Animaci\u00f3n Sociocultural y tur\u00edstica, en Integraci\u00f3n Social o titulaci\u00f3n equivalente a efectos profesionales.<\/strong><\/li>\n<\/ol>\n<p>&nbsp;<\/p>\n<ol>\n<li>a) Titulaci\u00f3n v\u00e1lida (se indica a continuaci\u00f3n las denominaciones actuales como sus equivalencias en los planes de estudios anteriores):<\/li>\n<\/ol>\n<ul>\n<li>T\u00e9cnico Especialista en Jard\u00edn de Infancia<\/li>\n<li>T\u00e9cnico Superior de Educaci\u00f3n Infantil.<\/li>\n<li>Grado Superior en Educaci\u00f3n Infantil<\/li>\n<li>T\u00e9cnico Especialista en Actividades Socioculturales (Administrativa y Comercial).<\/li>\n<li>T\u00e9cnico Superior en Animaci\u00f3n Sociocultural<\/li>\n<li>Grado Superior en Animaci\u00f3n Sociocultural<\/li>\n<li>Grado superior en Animaci\u00f3n sociocultural y tur\u00edstica<\/li>\n<li>T\u00e9cnico Especialista en Adaptaci\u00f3n Social (Servicios a la Comunidad)<\/li>\n<li>T\u00e9cnico Especialista en Econom\u00eda Social Familiar (Servicios a la Comunidad)<\/li>\n<li>Educador de Disminuidos Ps\u00edquicos (Sanitaria).<\/li>\n<li>Grado Superior en Integraci\u00f3n Social<\/li>\n<\/ul>\n<ol>\n<li>b) <u>No ser\u00e1 titulaci\u00f3n v\u00e1lida:<\/u><\/li>\n<\/ol>\n<ul>\n<li>T\u00e9cnico auxiliar en jard\u00edn de infancia<\/li>\n<li>T\u00e9cnico Superior de Formaci\u00f3n Profesional en animaci\u00f3n de actividades f\u00edsicas y deportivas.<\/li>\n<\/ul>\n<p><strong>&nbsp;<\/strong><\/p>\n<ol start=\"2\">\n<li><strong> T\u00e9cnico en Atenci\u00f3n socio sanitaria o titulaci\u00f3n equivalente a efectos<\/strong><\/li>\n<\/ol>\n<p><strong>profesionales.<\/strong><\/p>\n<p><strong>&nbsp;<\/strong><\/p>\n<ol>\n<li>a) Titulaci\u00f3n v\u00e1lida:<\/li>\n<\/ol>\n<ul>\n<li>T\u00e9cnico Auxiliar de Cl\u00ednica<\/li>\n<li>Grado medio en Atenci\u00f3n socio sanitaria<\/li>\n<li>Grado Medio de Atenci\u00f3n a personas en situaci\u00f3n de dependencia<\/li>\n<\/ul>\n<p>&nbsp;<\/p>\n<ol>\n<li>b) <u>No ser\u00e1 titulaci\u00f3n v\u00e1lida:<\/u><\/li>\n<\/ol>\n<ul>\n<li>T\u00e9cnico de Interpretaci\u00f3n de Lenguaje de Signos.<\/li>\n<\/ul>\n<p>&nbsp;<\/p>\n<ol start=\"3\">\n<li><strong> T\u00edtulos superiores relacionados con estas materias:<\/strong><\/li>\n<\/ol>\n<p>&nbsp;<\/p>\n<ol>\n<li>a) Titulaci\u00f3n v\u00e1lida:<\/li>\n<\/ol>\n<ul>\n<li>Magisterio en cualquier especialidad<\/li>\n<li>Educaci\u00f3n Social<\/li>\n<li>Pedagog\u00eda o Psicopedagog\u00eda<\/li>\n<li>Licenciado en Filosof\u00eda y Ciencia de la Educaci\u00f3n<\/li>\n<\/ul>\n<p>&nbsp;<\/p>\n<ol>\n<li>b) <u>No ser\u00e1 titulaci\u00f3n v\u00e1lida:<\/u><\/li>\n<\/ol>\n<ul>\n<li>Diplomado en Educaci\u00f3n F\u00edsica &#8211; Grado en Actividad F\u00edsica y del Deporte<\/li>\n<li>Licenciado en Psicolog\u00eda &#8211; Grado en Psicolog\u00eda<\/li>\n<li>Grado en Trabajo Social<\/li>\n<li>Grado de Logopedia<\/li>\n<li>Licenciado en Filosof\u00eda &#8211; Grado en Filosof\u00eda<\/li>\n<li>Grado en Filolog\u00eda<\/li>\n<\/ul>\n<p>&nbsp;<\/p>\n<p><strong>Importante: <\/strong>Para poder validar todas estas Titulaciones, es necesario aportar el T\u00edtulo Oficial o en su defecto, el documento de haber abonado el pago de las tasas para la expedici\u00f3n del t\u00edtulo en aquellos casos que se hayan finalizado los estudios a partir del a\u00f1o <strong>2020<\/strong>. No se considera documentos v\u00e1lidos los certificados de notas ni los curriculum vitae. No son v\u00e1lidas tasas abonadas anteriores al 2020.<\/p>\n<p><span style=\"color: #0000ff;\"><strong><u>ESCUELA INFANTIL (M\u00c1LAGA y provincia)<\/u><\/strong><\/span><\/p>\n<p>El personal de nueva incorporaci\u00f3n: <strong>en todos los casos<\/strong>, deber\u00e1n de cumplir al inicio del servicio, con el requisito de la Titulaci\u00f3n acad\u00e9mica, no siendo posible la sustituci\u00f3n de este requisito por la experiencia profesional.<\/p>\n<p>Las titulaciones o acreditaciones v\u00e1lidas ser\u00e1n las siguientes (se entiende por titulaci\u00f3n equivalente aquellas que siendo de m\u00f3dulos de formaci\u00f3n profesional, tuvieran los mismos contenidos que las Titulaciones aqu\u00ed anunciadas aunque tengan una denominaci\u00f3n distinta por los Planes de Estudios anteriores).<\/p>\n<ol>\n<li><strong> T\u00e9cnico Superior en Educaci\u00f3n Infantil.<\/strong><\/li>\n<li><strong>T\u00e9cnico Superior en Jard\u00edn de Infancia.<\/strong><\/li>\n<li><strong>Grado Pedagog\u00eda o Psicopedagog\u00eda.<\/strong><\/li>\n<li><strong>Grado Logopedia.<\/strong><\/li>\n<li><strong>Magisterio en cualquier especialidad.<\/strong><\/li>\n<\/ol>\n<p>&nbsp;<\/p>\n<p><strong>Importante: <\/strong>Para poder validar todas estas Titulaciones, es necesario aportar el T\u00edtulo Oficial o en su defecto, el documento de haber abonado el pago de las tasas para la expedici\u00f3n del t\u00edtulo en aquellos casos que se hayan finalizado los estudios a partir del a\u00f1o <strong>2020<\/strong>. No se considera documentos v\u00e1lidos los certificados de notas ni los curriculum vitae. No son v\u00e1lidas tasas abonadas anteriores al 2020.<\/p>\n<p><span style=\"color: #0000ff;\"><strong><u>ACTIVIDADES EXTRAESCOLARES (ALMER\u00cdA y provincia)<\/u><\/strong><\/span><\/p>\n<p>El personal de nueva incorporaci\u00f3n: <strong>en todos los casos<\/strong>, deber\u00e1n de cumplir al inicio del servicio, con el requisito de la Titulaci\u00f3n acad\u00e9mica, no siendo posible la sustituci\u00f3n de este requisito por la experiencia profesional.<\/p>\n<p>Las titulaciones o acreditaciones v\u00e1lidas ser\u00e1n las siguientes (se entiende por titulaci\u00f3n equivalente aquellas que siendo de m\u00f3dulos de formaci\u00f3n profesional, tuvieran los mismos contenidos que las Titulaciones aqu\u00ed anunciadas aunque tengan una denominaci\u00f3n distinta por los Planes de Estudios anteriores):<\/p>\n<p>&nbsp;<\/p>\n<ol>\n<li>a) Titulaci\u00f3n v\u00e1lida:<\/li>\n<\/ol>\n<ul>\n<li>Bachillerato Superior y complemento de estudios\/formaci\u00f3n\/experiencia acorde a la actividad a realizar.<\/li>\n<li>Magisterio en cualquier especialidad (dependiendo de la actividad a realizar).<\/li>\n<li>Actividades de idiomas, nivel B1, recomendado B2<\/li>\n<li>Actividades Deportivas, especialidad en Educaci\u00f3n F\u00edsica.<\/li>\n<\/ul>\n<p>&nbsp;<\/p>\n<p><strong><u>Actividades Actuales<\/u><\/strong><\/p>\n<ul>\n<li>ACTIVIDAD F\u00cdSICA DE EXPRESI\u00d3N CORPORAL<\/li>\n<li>ANIMACI\u00d3N A LA LECTURA<\/li>\n<li>APOYO LENGUA<\/li>\n<li>APOYO MATEMATICAS<\/li>\n<li>ARTES PL\u00c1STICAS Y ESC\u00c9NICAS<\/li>\n<li>BAILE Y DANZA<\/li>\n<li>BALONCESTO<\/li>\n<li>COCINA CREATIVA<\/li>\n<li>FRANC\u00c9S<\/li>\n<li>FUTBOL SALA<\/li>\n<li>GIMNASIA R\u00cdTMICA<\/li>\n<li>INFORM\u00c1TICA<\/li>\n<li>INGL\u00c9S<\/li>\n<li>MANUALIDADES<\/li>\n<li>MULTIDEPORTE<\/li>\n<li>PSICOMOTRICIDAD EXPRESI\u00d3N CORPORAL<\/li>\n<li>REFUERZO EDUCATIVO<\/li>\n<li>ROBOTICA<\/li>\n<li>TEATRO<\/li>\n<li>T\u00c9CNICAS DE ESTUDIO<\/li>\n<li>VOLEYBALL<\/li>\n<li>etc<\/li>\n<\/ul>\n<p>&nbsp;<\/p>\n<p><strong>Importante: <\/strong>Para poder validar todas estas Titulaciones, es necesario aportar el T\u00edtulo Oficial o en su defecto, el documento de haber abonado el pago de las tasas para la expedici\u00f3n del t\u00edtulo en aquellos casos que se hayan finalizado los estudios a partir del a\u00f1o <strong>2020<\/strong>. No se considera documentos v\u00e1lidos los certificados de notas ni los curriculum vitae. No son v\u00e1lidas tasas abonadas anteriores al 2020.<\/p>\n<p>&nbsp;<\/p>\n<p><span style=\"color: #0000ff;\"><strong><u>CLUB DEPORTIVO BALONCESTO ESCOLAR (ALMER\u00cdA y provincia)<\/u><\/strong><\/span><\/p>\n<p>El personal de nueva incorporaci\u00f3n: <strong>en todos los casos<\/strong>, deber\u00e1n de cumplir al inicio del servicio, con el requisito de la Titulaci\u00f3n acad\u00e9mica, no siendo posible la sustituci\u00f3n de este requisito por la experiencia profesional.<\/p>\n<p>Las titulaciones o acreditaciones v\u00e1lidas ser\u00e1n las siguientes (se entiende por titulaci\u00f3n equivalente aquellas que siendo de m\u00f3dulos de formaci\u00f3n profesional, tuvieran los mismos contenidos que las Titulaciones aqu\u00ed anunciadas aunque tengan una denominaci\u00f3n distinta por los Planes de Estudios anteriores):<\/p>\n<p>&nbsp;<\/p>\n<ol>\n<li>a) Titulaci\u00f3n v\u00e1lida:<\/li>\n<\/ol>\n<ul>\n<li>Magisterio en cualquier especialidad<\/li>\n<li>T\u00e9cnico Superior en Animaci\u00f3n de Actividades F\u00edsicas y Deportivas<\/li>\n<li>Grado en Ciencias de la Actividad F\u00edsica y del Deporte<\/li>\n<li>INEF<\/li>\n<li>Entrenador Nivel 1 o 2 reconocido por la F.E.B.<\/li>\n<\/ul>\n<p><span style=\"font-size: inherit;\"><span style=\"color: #0000ff;\"><b><u>ACOMPA\u00d1AMIENTO (PROA\/PALI\/PRADOC) (ALMER\u00cdA <strong>y provincia<\/strong>)<\/u><\/b><\/span><\/span><\/p>\n<p><span style=\"font-size: inherit;\">El personal de nueva incorporaci\u00f3n: <\/span><strong style=\"font-size: inherit;\">en todos los casos<\/strong><span style=\"font-size: inherit;\">, deber\u00e1n de cumplir al inicio del servicio, con el requisito de la Titulaci\u00f3n acad\u00e9mica, no siendo posible la sustituci\u00f3n de este requisito por la experiencia profesional.<\/span><\/p>\n<p>Las titulaciones o acreditaciones v\u00e1lidas ser\u00e1n las siguientes (se entiende por titulaci\u00f3n equivalente aquellas que siendo de m\u00f3dulos de formaci\u00f3n profesional, tuvieran los mismos contenidos que las Titulaciones aqu\u00ed anunciadas aunque tengan una denominaci\u00f3n distinta por los Planes de Estudios anteriores):<\/p>\n<ol>\n<li>a) Titulaci\u00f3n v\u00e1lida, dependiendo del programa (PROA\/PALI\/PRADOC):<\/li>\n<\/ol>\n<ul>\n<li>Magisterio Educaci\u00f3n Primaria<\/li>\n<li>Magisterio Educaci\u00f3n Primaria especialidad LENGUA INGLESA<\/li>\n<li>Titulaci\u00f3n Universitaria con INGL\u00c9S B2 (recomendable C1)<\/li>\n<li>Filolog\u00eda Inglesa<\/li>\n<\/ul>\n<ol>\n<li>b) Titulaci\u00f3n v\u00e1lida, <strong>en casos excepcionales<\/strong>:<\/li>\n<\/ol>\n<ul>\n<li>Titulaci\u00f3n Universitaria<\/li>\n<li>T\u00edtulo de Formaci\u00f3n Profesional Grado Superior<\/li>\n<li>Estudiantes Universitarios<\/li>\n<\/ul>\n<p><strong>Importante: <\/strong>Para poder validar todas estas Titulaciones, es necesario aportar el T\u00edtulo Oficial o en su defecto, el documento de haber abonado el pago de las tasas para la expedici\u00f3n del t\u00edtulo en aquellos casos que se hayan finalizado los estudios a partir del a\u00f1o <strong>2020<\/strong>. No se considera documentos v\u00e1lidos los certificados de notas ni los curriculum vitae. No son v\u00e1lidas tasas abonadas anteriores al 2020.<\/p>\n<p><span style=\"color: #0000ff;\"><strong><u>CAMPUS DE VERANO (ANDALUC\u00cdA)<\/u><\/strong><\/span><\/p>\n<p>El personal de nueva incorporaci\u00f3n: <strong>en todos los casos<\/strong>, deber\u00e1n de cumplir al inicio del servicio, con el requisito de la Titulaci\u00f3n acad\u00e9mica, no siendo posible la sustituci\u00f3n de este requisito por la experiencia profesional.<\/p>\n<p>Las titulaciones o acreditaciones v\u00e1lidas ser\u00e1n las siguientes (se entiende por titulaci\u00f3n equivalente aquellas que siendo de m\u00f3dulos de formaci\u00f3n profesional, tuvieran los mismos contenidos que las Titulaciones aqu\u00ed anunciadas aunque tengan una denominaci\u00f3n distinta por los Planes de Estudios anteriores):<\/p>\n<ol>\n<li>a) Titulaci\u00f3n v\u00e1lida:<\/li>\n<\/ol>\n<ul>\n<li>E.S.O.<\/li>\n<li>T\u00e9cnico Superior en Animaci\u00f3n de Actividades F\u00edsicas y Deportivas<\/li>\n<li>Formaci\u00f3n Profesional, Bachillerato, Estudios Universitarios.<\/li>\n<li>Cualquier actividad deportiva federada o no, ser\u00e1 tenida en cuenta.<\/li>\n<\/ul>\n<p>a) Otros requisitos:<\/p>\n<ul>\n<li>Tener cumplidos los 16 a\u00f1os de edad.<\/li>\n<li>Estar en buena forma f\u00edsica.<\/li>\n<\/ul>\n<p><span style=\"color: #ff0000;\"><strong>LOCALIDADES<\/strong><\/span><\/p>\n<p>Actualmente disponemos de diversas poblaciones donde se realizan los servicios, de:<\/p>\n<ul>\n<li>ALMER\u00cdA<\/li>\n<li>M\u00c1LAGA<\/li>\n<li>GRANADA<\/li>\n<\/ul>\n<p>&nbsp;<\/p>\n<hr>\n<h1><span style=\"color: #ff0000;\"><strong>LOS DATOS Y DOCUMENTOS se env\u00edan por e-mail a seleccion@jasoal.com<\/strong><\/span><\/h1>\n<h2><strong>Si se considera capacitado\/a para realizar alguno de los trabajos indicados anteriormente debe enviar por correo electr\u00f3nico a <span style=\"color: #ff0000;\"><a href=\"mailto:info@jasoal.com\">seleccion@jasoal.com<\/a>&nbsp;<\/span>con la siguiente informaci\u00f3n y <span style=\"color: #ff0000;\"><em>respetando<\/em> <\/span>la forma que se indica a continuaci\u00f3n:<\/strong><\/h2>\n<p><span style=\"color: #008000;\"><strong><u>ASUNTO DEL CORREO<\/u><\/strong><\/span><\/p>\n<p>Indicar\u00e1 <span style=\"color: #800080;\"><strong>EMPLEO<\/strong><\/span> seguido del puesto de trabajo que le interesa, por ejemplo EMPLEO AULA MATINAL, o si son varios se indicar\u00e1n los mismo separados guiones, por ejemplo EMPLEO AULA MATINA-ACTIVIDADES EXTRAESCOLARES.<\/p>\n<p><span style=\"color: #008000;\"><strong><u>CUERPO &nbsp;DEL CORREO<\/u><\/strong><\/span><\/p>\n<p>Deber\u00e1 completar los datos, <strong>siempre en may\u00fasculas<\/strong>, que se indican en el siguiente orden y forma:<\/p>\n<p><strong>NOMBRE=<\/strong> (indicar\u00e1 el nombre que se indique en su DNI, sin diminutivos, ni otras formas)<\/p>\n<p><strong>DNI=<\/strong> (indicar\u00e1 su DNI, solo n\u00fameros y letras, sin espacios ni guiones)<\/p>\n<p><strong><span style=\"color: #000000;\">SEGURIDAD SOCIAL<\/span>=<\/strong> (indicar\u00e1 el n\u00famero de la seguridad social, si no ha trabajado nunca tendr\u00e1 que solicitarlo en las oficinas del Instituto Nacional de la Seguridad Social, no siendo v\u00e1lido en n\u00famero identificativo de la tarjeta sanitaria.)<\/p>\n<p><strong>FECHA DE NACIMIENTO= <\/strong>(indicar\u00e1 la fecha en formato DD\/MM\/AAAA)<\/p>\n<p><strong>DOMICILIO=<\/strong> (indicar\u00e1 el domicilio completo, c\u00f3digo postal y localidad)<\/p>\n<p><strong>TEL\u00c9FONO=<\/strong> (indicar\u00e1n los tel\u00e9fonos de contacto para poder localizarlo\/a)<\/p>\n<p><strong>E-MAIL=<\/strong> (indicar\u00e1 su correo electr\u00f3nico de contacto)<\/p>\n<p><strong>LOCALIDADES=<\/strong> (indicar\u00e1 las localidades en las que est\u00e1 interesado\/a trabajar)<\/p>\n<p>&nbsp;<\/p>\n<p><span style=\"color: #008000;\"><strong><u>DOCUMENTOS ADJUNTOS<\/u><\/strong><\/span><\/p>\n<p>Todos los documentos adjuntos ser\u00e1n &nbsp;<strong><span style=\"color: #ff0000;\">siempre en formato PDF<\/span> y con los nombres de archivo que se indican:<\/strong><\/p>\n<p><span style=\"color: #ff0000;\"><strong>CV-SELECCI\u00d3N.pdf <\/strong><\/span>(Curr\u00edculum Vitae para empresa de Selecci\u00f3n de Personal. El proceso de selecci\u00f3n es realizado por empresa externa a la que se le dotar\u00e1 exclusivamente del Curriculum Vitae del candidato\/a, en el que se indicar\u00e1 exclusivamente como datos personales el DNI del mismo y Grado de Minusval\u00eda (si lo tiene reconocido) excluyendo el nombre, fotograf\u00eda, edad, o cualquier dato que pueda indicar el g\u00e9nero del candidato\/a, y en cuya redacci\u00f3n se usar\u00e1n t\u00e9rminos de g\u00e9nero neutro (en el caso de no poder realizarse se usar\u00e1n los mismos tanto en su forma masculina como femenina). En el caso de detecci\u00f3n del g\u00e9nero en la lectura del mismo, el candidato ser\u00e1 eliminado del proceso de selecci\u00f3n<strong>.&nbsp;<\/strong>La empresa de selecci\u00f3n devuelve la clasificaci\u00f3n de los candidatos, en tres par\u00e1metros, Apto o No apto, referido a si el\/la candidato\/a tiene la titulaci\u00f3n requerida y cursos necesarios para el puesto, grado de minusval\u00eda, y un valor num\u00e9rico respecto de la experiencia en puesto igual al que est\u00e1 interesado\/a a raz\u00f3n de 0,1 puntos por mes de servicio.<\/p>\n<p><strong>CV.pdf<\/strong> (ser\u00e1 el Curr\u00edculum Vitae, lo m\u00e1s completo posible, con todos los datos para el caso de ser seleccioando\/a remitirlo al Centro Escolar correspondiente. Fotograf\u00eda y tel\u00e9fonos de contacto obligatorios).<\/p>\n<p><strong>DNI.pdf <\/strong>(copia del DNI o Tarjeta de Residente, por las dos caras).<\/p>\n<p><strong>TITULO.pdf <\/strong>(copia escaneada del t\u00edtulo o del abono de las tasas de obtenci\u00f3n del mismo).<\/p>\n<p><strong>DELITOS.pdf <\/strong>(documento oficial de no haber sido condenado por delitos de naturaleza sexual, que puede obtenerse en la web del Ministerio de Justicia http:\/\/www.mjusticia.gob.es\/cs\/Satellite\/Portal\/es\/ciudadanos\/tramites-gestiones-personales\/certificado-delitos ).<\/p>\n<p><strong>PRL.pdf <\/strong>(certificado de realizaci\u00f3n del curso de Prevenci\u00f3n de Riesgos Laborales, si lo tiene).<\/p>\n<p><strong>MA.pdf <\/strong>(certificado de realizaci\u00f3n del curso Manipulador de Alimentos, si lo tiene).<\/p>\n<p><strong>PA.pdf <\/strong>(certificado de realizaci\u00f3n del curso de Primeros Auxilios, si lo tiene).<\/p>\n<p><strong>IDIOMA.pdf <\/strong>(certificado de obtenci\u00f3n de la habilitaci\u00f3n comunitaria, B1, B2, \u2026).<\/p>\n<p><strong>OTROS.pdf <\/strong>(cualquier otro certificado que considere aporte valor a\u00f1adido a su candidatura).<\/p>\n<p>&nbsp;<\/p>\n<p><span style=\"color: #ff0000;\"><strong>PROCESO DE CONTRATACI\u00d3N<\/strong><\/span><\/p>\n<p>Una vez que haya sido seleccionado\/a, tendr\u00e1 que tener preparado para proceder al alta y realizaci\u00f3n del contrato los siguientes datos adicionales le ser\u00e1n requeridos y ser\u00e1n necesarios antes de comenzar a trabajar:<\/p>\n<p><span style=\"color: #0000ff;\"><strong>CUENTA BANCARIA<\/strong><\/span> = (donde se abonar\u00e1 la n\u00f3mina y deber\u00e1 ser en formato IBAN). <strong>No enviar hasta haber sido seleccionado\/a. (Se env\u00eda <span style=\"color: #ff0000;\">escrito<\/span> indicando el nombre y n\u00famero de la cuenta al mismo correo indicado anteriormente [seleccion@jasoal.com], no se admiten fotos ni documentos con el n\u00famero de la cuenta, as\u00ed evitamos errores)<\/strong><\/p>\n<p><strong><span style=\"color: #0000ff;\"><em>Es conveniente que los tenga preparados para el caso de ser seleccionado.<\/em><\/span><\/strong><\/p>\n<p><img loading=\"lazy\" decoding=\"async\" class=\"aligncenter wp-image-306\" src=\"https:\/\/jasoal.com\/wordpress\/wp-content\/uploads\/2018\/11\/logo-whatsapp.png\" alt=\"\" width=\"53\" height=\"53\" srcset=\"https:\/\/jasoal.com\/wordpress\/wp-content\/uploads\/2018\/11\/logo-whatsapp.png 225w, https:\/\/jasoal.com\/wordpress\/wp-content\/uploads\/2018\/11\/logo-whatsapp-150x150.png 150w\" sizes=\"(max-width: 53px) 100vw, 53px\" \/><\/p>\n<p><em><strong>Una vez hayas enviado los datos y documentaci\u00f3n indicada, puedes unirte a nuestras Bolsas de Trabajo existentes,&nbsp;<a href=\"https:\/\/jasoal.com\/wordpress\/?page_id=299\">https:\/\/jasoal.com\/wordpress\/?page_id=299<\/a><\/strong><\/em><\/p>\n<hr>\n<p>&nbsp;<\/p>\n<p>&nbsp;<\/p>\n<p>&nbsp;<\/p>\n","protected":false},"excerpt":{"rendered":"<p>Si quieres trabajar con nosotros, sigue las instrucciones que se indican a continuaci\u00f3n. REQUISITOS AULA MATINAL (ALMERIA-GRANADA-M\u00c1LAGA y provincias) El personal de nueva incorporaci\u00f3n: en todos los casos, deber\u00e1n de cumplir al inicio del servicio, con el requisito de la &hellip; <\/p>\n","protected":false},"author":1,"featured_media":0,"parent":0,"menu_order":0,"comment_status":"closed","ping_status":"closed","template":"","meta":{"ngg_post_thumbnail":0,"footnotes":""},"_links":{"self":[{"href":"https:\/\/jasoal.com\/wordpress\/wp-json\/wp\/v2\/pages\/140"}],"collection":[{"href":"https:\/\/jasoal.com\/wordpress\/wp-json\/wp\/v2\/pages"}],"about":[{"href":"https:\/\/jasoal.com\/wordpress\/wp-json\/wp\/v2\/types\/page"}],"author":[{"embeddable":true,"href":"https:\/\/jasoal.com\/wordpress\/wp-json\/wp\/v2\/users\/1"}],"replies":[{"embeddable":true,"href":"https:\/\/jasoal.com\/wordpress\/wp-json\/wp\/v2\/comments?post=140"}],"version-history":[{"count":35,"href":"https:\/\/jasoal.com\/wordpress\/wp-json\/wp\/v2\/pages\/140\/revisions"}],"predecessor-version":[{"id":765,"href":"https:\/\/jasoal.com\/wordpress\/wp-json\/wp\/v2\/pages\/140\/revisions\/765"}],"wp:attachment":[{"href":"https:\/\/jasoal.com\/wordpress\/wp-json\/wp\/v2\/media?parent=140"}],"curies":[{"name":"wp","href":"https:\/\/api.w.org\/{rel}","templated":true}]}}